test common divisor of 3591501 and 867?
3
What is the greatest common divisor of 264 and 8163768?
24
Calculate the greatest common divisor of 2 and 283392868.
2
Calculate the highest common divisor of 1210420 and 60.
20
Calculate the highest common factor of 2581 and 14761.
29
What is the greatest common divisor of 10327784 and 47336?
776
Calculate the greatest common divisor of 11816 and 83384.
56
Calculate the highest common divisor of 6990632 and 22311.
37
What is the highest common factor of 754 and 426671635?
377
Calculate the greatest common factor of 325 and 9512950.
25
What is the greatest common divisor of 5757262 and 504?
14
What is the highest common divisor of 67550 and 3474100?
350
What is the greatest common factor of 32699920 and 160?
80
Calculate the highest common factor of 878892 and 12.
12
Calculate the greatest common divisor of 122327630 and 30.
10
What is the greatest common factor of 1164 and 859044?
12
Calculate the highest common factor of 30 and 489162.
6
What is the highest common divisor of 192 and 15157760?
64
What is the greatest common divisor of 103930 and 6340?
10
What is the highest common factor of 958 and 28487567?
479
Calculate the highest common factor of 256824139 and 150448.
9403
What is the greatest common factor of 596713 and 52425?
233
Calculate the highest common factor of 1280 and 21311744.
256
What is the greatest common factor of 10893638 and 114046?
898
Calculate the highest common factor of 576 and 1515204.
36
What is the greatest common factor of 1337 and 71779519?
1337
Calculate the highest common divisor of 684 and 165759306.
114
Calculate the highest common factor of 432 and 2709396.
108
What is the highest common divisor of 165720240 and 7205?
655
Calculate the highest common factor of 16339 and 3782364127.
16339
Calculate the greatest common divisor of 34197450 and 1575.
525
What is the highest common factor of 105 and 165870810?
105
Calculate the highest common factor of 85570 and 143362.
86
What is the highest common factor of 1795680 and 275040?
1440
What is the highest common divisor of 45646762 and 56?
14
Calculate the highest common factor of 863718890 and 232.
58
Calculate the greatest common factor of 43022623 and 295.
59
Calculate the greatest common divisor of 95675 and 856625.
2225
What is the highest common divisor of 13454 and 68818171?
961
Calculate the highest common divisor of 4455 and 35550.
45
Calculate the highest common divisor of 6016 and 8366.
94
What is the highest common divisor of 28 and 22880564?
28
What is the greatest common factor of 5602764 and 924?
12
Calculate the highest common factor of 36592 and 272.
16
What is the greatest common divisor of 5754 and 27888?
42
Calculate the highest common factor of 15636259 and 10553.
173
What is the highest common factor of 16709 and 621082?
77
Calculate the highest common divisor of 3712 and 78590812.
116
Calculate the greatest common divisor of 234 and 21010302.
18
Calculate the greatest common divisor of 8 and 28765736.
8
What is the greatest common factor of 1596 and 13038522?
798
Calculate the highest common factor of 2860 and 78612820.
2860
What is the highest common divisor of 126258152 and 8?
8
Calculate the greatest common factor of 1422 and 3406322.
158
What is the highest common divisor of 445651 and 142829?
613
What is the highest common divisor of 108446910 and 1122?
1122
Calculate the greatest common factor of 413924 and 868.
28
What is the highest common divisor of 1671 and 699721781?
557
What is the highest common factor of 53448 and 460896?
24
Calculate the greatest common factor of 90904 and 3626863.
1033
Calculate the highest common divisor of 134899831 and 2493.
277
What is the greatest common divisor of 2334193 and 15831?
1759
What is the highest common divisor of 6774 and 18699627?
3387
Calculate the highest common divisor of 1969 and 588016.
11
What is the highest common factor of 17632 and 14695808?
928
Calculate the highest common factor of 181637976 and 936.
312
What is the highest common factor of 1413313 and 1133?
11
What is the highest common factor of 16560 and 1503280?
1840
What is the greatest common divisor of 21650 and 1012354?
866
What is the greatest common divisor of 5628 and 3216?
804
What is the highest common factor of 11871245 and 91061?
2221
Calculate the highest common factor of 32 and 240024576.
32
Calculate the greatest common factor of 378411 and 22.
11
What is the greatest common divisor of 62012356 and 154?
14
What is the highest common factor of 4680 and 563634?
18
What is the highest common factor of 12113732 and 2921?
23
Calculate the highest common divisor of 3003 and 1385153.
77
What is the highest common divisor of 3236744 and 16366?
98
Calculate the highest common factor of 2680290 and 240570.
2430
Calculate the greatest common divisor of 190 and 326930.
10
What is the highest common divisor of 13 and 149135389?
13
Calculate the greatest common factor of 9618 and 3566675.
1603
Calculate the greatest common factor of 2110658 and 682.
22
What is the greatest common factor of 339270 and 680690?
430
Calculate the highest common divisor of 233652 and 204.
12
Calculate the greatest common divisor of 7 and 68764556.
7
Calculate the greatest common divisor of 3 and 2008602.
3
Calculate the greatest common factor of 1428 and 36641868.
204
Calculate the highest common divisor of 314340 and 34540.
20
What is the greatest common factor of 14612196 and 444?
12
What is the highest common factor of 4114 and 996336?
374
Calculate the highest common factor of 14498 and 1127958898.
14498
What is the greatest common factor of 488 and 287729192?
488
Calculate the highest common divisor of 4057 and 230814901.
4057
Calculate the greatest common factor of 29288 and 616.
56
Calculate the greatest common factor of 84 and 6978412.
28
What is the highest common divisor of 488895102 and 13122?
4374
Calculate the greatest common factor of 419008 and 4700746.
13094
Calculate the greatest common factor of 1560 and 280888.
8
Calculate the greatest common factor of 2929 and 470989.
29
Calculate the highest common divisor of 359744 and 3591280.
1232
Calculate the highest common divisor of 4065310 and 10.
10
What is the greatest common factor of 4448 and 9132?
4
What is the greatest common divisor of 3933 and 242213?
23
What is the highest common factor of 12999 and 27678?
21
What is the greatest common divisor of 924 and 1053516?
12
Calculate the greatest common factor of 454 and 25250.
2
Calculate the greatest common factor of 343809587 and 2146.
1073
Calculate the greatest common factor of 911686 and 1376.
86
What is the greatest common factor of 270474 and 59658?
366
What is the highest common factor of 533 and 43615062?
41
What is the greatest common divisor of 15215 and 18833127?
3043
What is the highest common divisor of 206154 and 108?
18
What is the greatest common divisor of 36272 and 46514306?
4534
What is the highest common divisor of 520 and 60340540?
260
Calculate the highest common factor of 1204 and 607180.
28
Calculate the highest common factor of 1876 and 23921814.
938
What is the highest common factor of 7125342 and 252966?
798
What is the highest common divisor of 3120 and 5905120?
1040
Calculate the highest common divisor of 75737 and 89835.
53
What is the highest common divisor of 74954088 and 80784?
13464
What is the highest common divisor of 5091825 and 2850?
75
What is the highest common factor of 9324 and 541008?
36
Calculate the highest common factor of 11488 and 455298160.
5744
Calculate the greatest common divisor of 6179550 and 325.
325
Calculate the greatest common divisor of 8582 and 308046599.
4291
Calculate the greatest common divisor of 3800 and 164635.
95
What is the greatest common factor of 440237 and 98976?
1031
Calculate the greatest common factor of 9655 and 28364459.
1931
Calculate the greatest common factor of 15353184 and 77748.
4092
What is the greatest common factor of 102768490 and 220?
110
What is the greatest common divisor of 2071766 and 224424?
2078
Calculate the highest common factor of 13790 and 2807644.
2758
What is the greatest common divisor of 18018009 and 9?
9
What is the greatest common factor of 50330 and 1306550?
70
What is the greatest